 digit of 570975125?
5
What is the ten millions digit of 37418149?
3
What is the millions digit of 7679111731?
9
What is the hundred thousands digit of 75298446?
2
What is the millions digit of 19957988?
9
What is the ten thousands digit of 102129326?
2
What is the units digit of 983359134?
4
What is the ten millions digit of 145697074?
4
What is the ten millions digit of 10666722?
1
What is the units digit of 26348628?
8
What is the hundreds digit of 801344036?
0
What is the hundred thousands digit of 1066766004?
7
What is the ten millions digit of 61578776?
6
What is the hundred thousands digit of 209073587?
0
What is the tens digit of 7977666?
6
What is the thousands digit of 3898059?
8
What is the hundreds digit of 1304441863?
8
What is the thousands digit of 19320051?
0
What is the hundred thousands digit of 87668557?
6
What is the ten thousands digit of 679486006?
8
What is the ten millions digit of 12338458?
1
What is the hundreds digit of 74108751?
7
What is the millions digit of 20733318?
0
What is the hundred thousands digit of 281612893?
6
What is the ten millions digit of 63061758?
6
What is the tens digit of 718652379?
7
What is the hundreds digit of 21044450?
4
What is the hundred millions digit of 580424515?
5
What is the ten thousands digit of 755301?
5
What is the hundred thousands digit of 326443069?
4
What is the units digit of 2868577743?
3
What is the ten millions digit of 5412149347?
1
What is the units digit of 108899896?
6
What is the units digit of 18250141?
1
What is the hundred thousands digit of 1242085038?
0
What is the units digit of 2198816377?
7
What is the hundred thousands digit of 326638557?
6
What is the tens digit of 15732764?
6
What is the millions digit of 33068727?
3
What is the tens digit of 104394741?
4
What is the units digit of 121408601?
1
What is the hundreds digit of 745515229?
2
What is the thousands digit of 5020277?
0
What is the tens digit of 38078963?
6
What is the units digit of 993809129?
9
What is the tens digit of 276591377?
7
What is the hundred thousands digit of 21278544?
2
What is the tens digit of 4658596367?
6
What is the hundreds digit of 57929540?
5
What is the ten thousands digit of 7342894?
4
What is the tens digit of 252918441?
4
What is the ten thousands digit of 132108697?
0
What is the ten millions digit of 38257093?
3
What is the hundreds digit of 2657849592?
5
What is the hundred millions digit of 169165312?
1
What is the billions digit of 1637033665?
1
What is the millions digit of 2017609291?
7
What is the hundred millions digit of 185823383?
1
What is the thousands digit of 336190187?
0
What is the units digit of 45413353?
3
What is the hundreds digit of 32175009?
0
What is the millions digit of 3570441265?
0
What is the ten thousands digit of 195475289?
7
What is the hundreds digit of 20378770?
7
What is the millions digit of 52413479?
2
What is the hundreds digit of 4956420042?
0
What is the units digit of 428593637?
7
What is the hundred thousands digit of 30083086?
0
What is the hundred millions digit of 1773730293?
7
What is the units digit of 136202535?
5
What is the thousands digit of 58000245?
0
What is the billions digit of 2811339836?
2
What is the hundred millions digit of 393559979?
3
What is the hundreds digit of 64665252?
2
What is the tens digit of 1753982846?
4
What is the hundred millions digit of 245157175?
2
What is the ten thousands digit of 1341961794?
6
What is the hundred thousands digit of 33429242?
4
What is the units digit of 67758950?
0
What is the ten thousands digit of 515478039?
7
What is the hundred thousands digit of 5150362289?
3
What is the hundred millions digit of 3038436012?
0
What is the tens digit of 5985276901?
0
What is the thousands digit of 123488802?
8
What is the ten thousands digit of 25029711?
2
What is the tens digit of 115383234?
3
What is the millions digit of 672865084?
2
What is the units digit of 837606581?
1
What is the millions digit of 258230563?
8
What is the thousands digit of 490072983?
2
What is the thousands digit of 357580110?
0
What is the hundred millions digit of 489606700?
4
What is the millions digit of 3224791270?
4
What is the hundred thousands digit of 3686144875?
1
What is the ten thousands digit of 1017060229?
6
What is the tens digit of 313692063?
6
What is the hundreds digit of 99140613?
6
What is the hundred millions digit of 378756656?
3
What is the ten thousands digit of 6940077?
4
What is the hundreds digit of 73583745?
7
What is the tens digit of 214700040?
4
What is the tens digit of 178229584?
8
What is the thousands digit of 383335435?
5
What is the thousands digit of 605086526?
6
What is the units digit of 1426302770?
0
What is the ten thousands digit of 73456897?
5
What is the hundred millions digit of 180982231?
1
What is the millions digit of 2320533734?
0
What is the thousands digit of 2798129744?
9
What is the ten thousands digit of 27990616?
9
What is the thousands digit of 3339291424?
1
What is the thousands digit of 32320152?
0
What is the thousands digit of 623982293?
2
What is the hundred millions digit of 1387372991?
3
What is the ten thousands digit of 37747280?
4
What is the units digit of 570592151?
1
What is the hundred thousands digit of 314017991?
0
What is the millions digit of 1073902156?
3
What is the units digit of 27093516?
6
What is the units digit of 93145298?
8
What is the thousands digit of 49082629?
2
What is the units digit of 1177996580?
0
What is the tens digit of 196104226?
2
What is the hundred millions digit of 1667465029?
6
What is the hundreds digit of 739653706?
7
What is the units digit of 1015714436?
6
What is the hundred thousands digit of 27147349?
1
What is the units digit of 603114420?
0
What is the ten thousands digit of 3210350229?
5
What is the thousands digit of 5608517463?
7
What is the hundred millions digit of 3599477732?
5
What is the ten millions digit of 791385269?
9
What is the hundreds digit of 23474606?
6
What is the units digit of 196188278?
8
What is the tens digit of 305651320?
2
What is the units digit of 10266012?
2
What is the hundred thousands digit of 134865795?
8
What is the ten thousands digit of 209268721?
6
What is the tens digit of 223886076?
7
What is the units digit of 4042756112?
2
What is the hundred millions digit of 520956738?
5
What is the hundred thousands digit of 26004438?
0
What is the hundred thousands digit of 271624830?
6
What is the hundred millions digit of 953507134?
9
What is the hundred thousands digit of 39903768?
9
What is the hundreds digit of 591652612?
6
What is the ten thousands digit of 670348426?
4
What is the hundreds digit of 163591025?
0
What is the hundred thousands digit of 2263016907?
0
What is the hundred thousands digit of 151212827?
2
What is the hundreds digit of 1059827305?
3
What is the ten millions digit of 1778993428?
7
What is the ten thousands digit of 11709721?
0
What is the hundreds digit of 46674980?
9
What is the hundreds digit of 2677022011?
0
What is the tens digit of 1286166462?
6
What is the hundred thousands digit of 1454614600?
6
What is the hundred thousands digit of 21263359?
2
What is the hundred thousands digit of 356277521?
2
What is the hundreds digit of 872232811?
8
What is the millions digit of 2391300398?
1
What is the units digit of 1091615365?
5
What is the units digit of 2278887532?
2
What is the ten thousands digit of 4351022761?
2
What is the tens digit of 10286074?
7
What is the hundred thousands digit of 208033797?
0
What is the tens digit of 2841260744?
4
What is the millions digit of 4495894350?
5
What is the thousands digit of 36742880?
2
What is the hundred thousands digit of 517645660?
6
What is the thousands digit of 1037944318?
4
What is the hundred thousands digit of 1087361433?
3
What is the hundreds digit of 98966572?
5
What is the billions digit of 1627049377?
1
What is the tens digit of 622054918?
1
What is the hundred millions digit of 108455819?
1
What is the thousands digit of 741473911?
3
What is the ten millions digit of 334220453?
3
What is the millions digit of 874566865?
4
What is the hundred thousands digit of 725012029?
0
What is the thousands digit of 87493551?
3
What is the hundreds digit of 26644547?
5
What is the units digi